*k(f) + 6*w(f). What is the tens digit of j(-5)?
2
Let z = -7223 + 17474. What is the hundreds digit of z?
2
Suppose 3 = 4*s + 19. Let m be (4 - 1)*((-6)/2 - s). Suppose -5*n = -3*l + 202, 230 = m*l + n + n. What is the units digit of l?
4
Suppose 29*y = 245295 + 9006. What is the tens digit of y?
6
Let g(d) be the second derivative of -d**4/12 + 7*d**3/6 - 3*d**2 - d. Let v be g(7). What is the tens digit of (v - -148)*(-1)/(-2)?
7
Let i(w) = w**3 - 22*w**2 + 22*w - 18. Let k be i(21). Suppose -k*r = 2*f + 1 - 3, -2*r - 5*f = -5. Suppose r = -4*t + 156 + 48. What is the tens digit of t?
5
Let y(g) = 8*g**2 - 272*g + 488. What is the units digit of y(55)?
8
Let d(x) = 114*x**2 - 28*x - 189. What is the tens digit of d(13)?
1
Let j(r) = -r**3 - 5*r**2 + 12*r + 19. Let w = 54 - 59. Let t be (-14)/2 - (w + (3 - -3)). What is the units digit of j(t)?
5
What is the tens digit of (6 - 306/48) + 550333/56?
2
Suppose 4*p - 4*r - 22952 = 0, -4*p - 4*r + 22917 = -r. What is the thousands digit of p?
5
Let p(s) = 172*s - 3343. What is the hundreds digit of p(65)?
8
Let g = 149 - 105. Suppose g*m - 40*m - 976 = 0. What is the hundreds digit of m?
2
Let d(y) = 2*y**2 - 8*y - 15. Let r(a) = -a**2 + 4*a + 7. Let g(o) = 3*d(o) + 5*r(o). Let b be g(-9). Let v = -65 + b. What is the units digit of v?
2
Let i(c) = 12*c**3 + 4*c**2 - c - 1. Let o be i(1). Suppose 6*v + 4136 = o*v. What is the tens digit of v?
1
Suppose 47733 = 5*g + 5*w - 22082, 4*g - 3*w - 55859 = 0. What is the units digit of g?
4
Let q = 8695 + 25845. What is the hundreds digit of q?
5
Let a be 72/(-20)*(-270)/4. Suppose r - 5*t - a = 0, 4*r + t + 2*t - 995 = 0. What is the hundreds digit of r?
2
Let b(z) = -z**2 + 2*z + 28. Let s be b(6). Suppose 0 = -s*d + 4, -t + 3*d = 7*d - 1. Let j(x) = -5*x**3 - 2*x + 3. What is the units digit of j(t)?
4
Let a(k) = -847*k**3 - 8*k**2 - 14*k + 3. Let s(v) = 846*v**3 + 6*v**2 + 12*v - 2. Let q(p) = 5*a(p) + 6*s(p). What is the tens digit of q(1)?
4
What is the thousands digit of (124*-7 - -7)*52/(-6)?
7
What is the thousands digit of (-4 + 6 - (-6)/(-3)) + (22927 - 1)?
2
Suppose 0 = -2*l - 5*g, -2*l - 6*g - 32 = -9*g. Let q(z) = z**3 + 17*z**2 + 14*z - 21. What is the hundreds digit of q(l)?
5
Suppose 0 = -21*y + 10*y + 5368. Suppose -6*x + 6052 + y = 0. What is the tens digit of x?
9
Suppose 4*g - 1465 = -3*t, -4*g + 970 = -3*t + 5*t. Let c = -116 + t. What is the tens digit of c?
7
Let b(k) = 7*k**2 + 306*k + 3. Let g be b(38). Suppose 0 = -50*z + 40761 + g. What is the tens digit of z?
5
Let w(m) = 8*m**2 + 12. Let p be w(2). What is the tens digit of (p/3)/(2/6)?
4
Let y = 156155 + -88135. What is the hundreds digit of y?
0
Let g be (-1)/(-2)*(-4)/6*12. What is the tens digit of (-1)/((-1)/(-1680)*g)?
2
Let g(a) = 9012*a + 15290. What is the hundreds digit of g(6)?
3
Let t = 3923 - 3343. What is the units digit of t?
0
Suppose -208*x + 218*x = 20090. What is the hundreds digit of x?
0
Let l(q) = -q**3 + 4*q**2 + 4. Let r be l(0). Let m be 2*r/(2/(-4)*-4). Suppose -d + 77 = -m*h, -6 - 4 = 5*h. What is the units digit of d?
9
Let r be (21/6)/((-1)/6). Let g = 26 + r. Suppose -g*q = 5*i - 42 - 113, q = -3*i + 101. What is the units digit of i?
5
What is the tens digit of 11 - 144/12 - 1/(2/(-5986))?
9
Let i(k) be the third derivative of -29*k**4/12 + 19*k**3/6 - 4*k**2 - 10. What is the hundreds digit of i(-5)?
3
Let g(a) = 3*a**3 + 285*a**2 - 236*a - 322. What is the hundreds digit of g(-94)?
3
Suppose 2*g = -4*n + 824, 0 = 6*g - g - 20. Let w = 239 - n. What is the units digit of w?
5
Suppose 3892*v - 3926*v + 280058 = 0. What is the thousands digit of v?
8
Suppose 13 = -2*x + 3, -49 = -4*m + x. Let b(n) = -2*n**2 + 25*n + 2. Let i be b(m). Suppose 2*f = -5*f + i. What is the units digit of f?
5
Let o(g) = 5498*g**3 + 7*g**2 - 14*g + 6. What is the units digit of o(1)?
7
Let m(s) = 1 + s**2 - 4*s**2 + 2*s**2 + 4*s. Let v be m(3). Suppose -3*r - 132 = -c - v*c, -2*r - 104 = -4*c. What is the tens digit of c?
2
Let j(i) = 2*i**3 - 2*i**2 - 17*i - 4. Let u be j(4). Let f = 121 + -17. Let c = f - u. What is the units digit of c?
0
Let q(p) = -3*p**3 + 32*p**2 - 12*p + 3. Let h be q(10). Let t = 82 - h. What is the tens digit of 2 + (-4 - 190*t)?
8
What is the ten thousands digit of 6374/((616/588)/11)?
6
Let v(g) = -g**3 - g**2 + g - 1. Let p(a) = -9*a**3 - 3*a**2 + 9*a + 12. Let r(w) = p(w) - 5*v(w). What is the tens digit of r(-5)?
4
Suppose -3*l + z = -24, -2*l - 9*z + 16 = -4*z. What is the tens digit of 14612/16 + (-2)/l?
1
Suppose -18*x = -16*x - 1426. Suppose -6*a - x = -29*a. What is the units digit of a?
1
Suppose 2956 = 10*g - 6444. What is the hundreds digit of g?
9
Let y = -41 + 96. Let u = -17 + y. What is the units digit of u/9 + (-14)/63?
4
Suppose 0 = 180*f - 173*f - 12145. What is the thousands digit of f?
1
What is the hundreds digit of ((-8)/12 - (-32)/3) + 4802?
8
Let v(j) = -j**2 + 16*j - 59. Let s be v(7). Suppose -i + 2155 = s*y - 1601, 16 = 4*i. What is the units digit of y?
8
Suppose -3*j + 5*j = 56. Suppose 0*s - 5*h + j = s, 12 = 3*h. Suppose -s*g + 680 = -0*g. What is the units digit of g?
5
Let a = -13596 + 33522. What is the tens digit of a?
2
What is the hundreds digit of -748 + 20373 + (3 - 0)?
6
Suppose 36*q - 70 = 38. Suppose 53*x - q*z = 52*x + 899, z - 879 = -x. What is the tens digit of x?
8
Suppose -36*b - 75*b = -6224991. What is the tens digit of b?
8
Suppose 29*r - 252 = 22*r. Suppose -r*v = -12*v - 14040. What is the hundreds digit of v?
5
Suppose 0 = 198*b - 185*b - 78. Let g be (-23156)/(-10) + 4/10. What is the tens digit of 2/b + g/18?
2
Let k = 14 + -13. Let o(j) be the third derivative of 125*j**4/24 - j**3/6 + 22*j**2. What is the hundreds digit of o(k)?
1
Let v(s) = s**3 - 9*s**2 + 10*s + 6. Let d be v(6). Let i = 48 + d. Let a(h) = 2*h**2 - 2*h - 16. What is the units digit of a(i)?
4
Suppose a - 8*u + 2833 = -9*u, 3*a + 8479 = u. Let n = -1819 - a. What is the hundreds digit of n?
0
Let p = 52 - 46. Suppose p = -26*k + 25*k. What is the tens digit of (4 + 0)/(5/((-105)/k))?
1
Suppose 945 = -8*p - 1263. Let l = p + 390. Suppose -l = -0*r - r. What is the hundreds digit of r?
1
Let q(k) = k**3 + 48*k + 20. What is the units digit of q(19)?
1
Suppose 0 = -5*y + 4*g - 7*g - 61, 3*g = -2*y - 19. What is the tens digit of 136/10 + 3/((-105)/y)?
1
Suppose 27*b - 5*b - 8*b = 3444. What is the tens digit of b?
4
Suppose -u = u + 4, -2*w + 8 = -2*u. Let a be w - -3*(-2 - 71/(-3)). Let d = a - 23. What is the units digit of d?
4
Let s = -11 + 17. Let b = s + -2. Suppose 0 = 3*i + 4*z - 232, b*z - 4 = 3*z. What is the tens digit of i?
7
Let h(s) = -s**3 - 10*s**2 + 12*s - 61. Let w be h(-15). Let c = w + -386. What is the tens digit of c?
9
Let f(t) = -t**2 - 5*t + 59. Let z be f(6). What is the tens digit of (-1051)/z - (-18)/21?
5
Suppose 6*g + 3*u - 207 = g, -41 = -g - u. Suppose 0 = -9*v + 2*v + g. Suppose -13*i + v*i = -140. What is the tens digit of i?
2
Suppose -4*s = -l - 23239, -94*l + 29070 = 5*s - 91*l. What is the units digit of s?
1
What is the ten thousands digit of 206*95 + 1 - (134 - 143)?
1
Let w be (-6)/8 + 1390/(-40)*-17. Let b = w - 475. What is the hundreds digit of b?
1
Let l = 10928 - -7409. What is the tens digit of l?
3
Let s be 5/(75/120)*1/4. Suppose 12*y = s*t + 7*y - 1939, -5*t + 4863 = 3*y. What is the hundreds digit of t?
9
Suppose -4*a = -4*v - 60852 - 277400, 3*v = -a + 84551. What is the tens digit of a?
6
Let g = -29 + 77. What is the units digit of (0 + -78)*(-496)/g?
6
Suppose -5*i + h = -105, -2*i + 9*h - 4*h = -19. Let d = 14 + i. Let p = d + -3. What is the units digit of p?
3
Let v be (0*2/6)/2. Suppose 3*o - 3*q - 369 = 342, 4*o - 948 = -3*q. Suppose v = -4*g + 7*g - o. What is the tens digit of g?
7
Let d be 1/((-4)/8) + 18. Suppose d = 4*a, 5*v - 2116 = -5*a + 874. What is the units digit of v?
4
Suppose -93 + 5 = 8*n. What is the tens digit of -10*(-1930)/275 + 2/n?
7
Let g = 35311 + 23997. What is the tens digit of g?
0
Let z = 100 + -88. Suppose 5*m - z = 18. Let r(v) = 22*v - 24. What is the hundreds digit of r(m)?
1
Let b(m) = 347*m + 16. Let f(c) = -173*c - 8. Let s(o) = 2*b(o) + 5*f(o). What is the units digit of s(-2)?
4
Let o(p) = p**3 + 10*p**2 - 7*p - 20. Le